u*2*113 a composite number?
False
Let h(y) = -26*y**3 - 3*y**2 + y + 2. Let a be h(2). Let p = 471 + a. Suppose 0*l = -5*l + p. Is l a composite number?
True
Let i = 659 - 366. Is i composite?
False
Suppose 2*g + 2*g - 92 = 0. Suppose 2*p - g = 47. Is p composite?
True
Let m(d) = 2*d - 11. Let f be m(8). Suppose -3*n - 2*n - f = 0, 3*n = 5*g - 348. Is g prime?
False
Let r(u) = -4 + 620*u**2 - 105*u**2 + 2 - 2*u. Is r(-1) prime?
False
Let c be ((-22)/(-8))/(2/8). Let o = c - -20. Is o a composite number?
False
Let w be 1526/10 - 3/5. Suppose 115 = 3*x - w. Is x a prime number?
True
Let p(g) = g**2 - 6*g - 6. Let s = 5 + 3. Is p(s) a prime number?
False
Let g(o) = -2*o - 3. Suppose -y + 5*y = 12. Let m be (12/9)/(y/(-18)). Is g(m) prime?
True
Let k = -9 + 24. Let m = k - -19. Is m composite?
True
Is (-3120)/(-2) - (-8)/(8 - 16) a prime number?
True
Let m(f) = 0*f - 14*f - 7*f + 4*f + 6. Is m(-5) a composite number?
True
Let a(r) = -4 + 23*r - r + 3. Is a(1) a composite number?
True
Is 13285/45 - 4/18 a composite number?
True
Suppose -3*q + 5 = 11. Let h(j) = 36*j**2 - 2*j - 3. Is h(q) prime?
False
Let p be -26*8/(-12)*33. Suppose -g + p = -b + 4*b, 2*g = 4*b - 766. Is b composite?
False
Let p(j) = j**3 + 9*j**2 - 9*j - 11. Let x be p(-8). Suppose -5*l - 10 - x = 0. Is (-1155)/(-27) + (-6)/l a composite number?
False
Let l(q) = 2*q**2 + 4 - 6 + 2*q**2. Let w be l(-2). Suppose -119 = -3*v - w. Is v composite?
True
Let n = -14 + 9. Let q = 10 + n. Suppose 229 = q*c - 2*h - 2*h, -4*h + 16 = 0. Is c composite?
True
Let s(l) = -l**2 + 5*l + 16. Let a be s(8). Is 21 + a/(-4) + 2 composite?
True
Let y be 2/(-4) + 2/4. Suppose y = -2*b - 4*t - 3 - 5, 4*t + 16 = 0. Suppose b*i - 5*x - 29 = 0, -4*i - 3*x + x + 50 = 0. Is i prime?
True
Let x = 16 - 10. Is (-133)/(-2) + 3/x composite?
False
Let x be -1 + -1*(-5 - -1). Suppose -5*f = l - 15, -4*f - l + 8 + 5 = 0. Suppose 15 = s + x*n + f*n, -2*s + 86 = -4*n. Is s a prime number?
False
Suppose 2*k - 90 = -4*h, 5*k - k - 132 = 4*h. Is k composite?
False
Let o = 261 + -105. Let x be o/(-7) + (-6)/(-21). Let l = x + 36. Is l a prime number?
False
Let t(a) = 5*a**3 + a**3 - 7*a**3 + 2 - a**2. Let p be t(-2). Suppose 3*c = 5*c - 5*d - 143, 2*d = p. Is c a prime number?
True
Suppose -5*d + 1548 = 493. Is d prime?
True
Suppose 0 = -5*m - 4*c + 2043, c - 408 = -0*m - m. Let b = m - 272. Is b composite?
False
Let f = -9 - -12. Suppose f*q + q - 1048 = 5*l, 2*q - 518 = l. Is q a composite number?
False
Let i = -212 + 895. Is i a prime number?
True
Suppose 409 = -15*o + 16*o. Is o a prime number?
True
Let n = 11 - 7. Suppose 3*d - n = 4*v + 6, 0 = 5*d + 2*v - 34. Is d prime?
False
Let g = -2 - 1. Let x = 56 - 18. Let t = g + x. Is t composite?
True
Let o be 1/(-3)*(-20 + 2). Let m = 0 - -4. Suppose o*k = m*k + 70. Is k a composite number?
True
Let y(j) = j + 803. Is y(0) composite?
True
Let a be (-19)/(-4) + (-2)/(-8). Suppose -35 = a*u - 220. Is u a prime number?
True
Let j(n) = -n. Let r be j(-6). Let p be (8/10)/((-4)/(-20)). Let l = r + p. Is l a prime number?
False
Let j(h) = 4*h**2 - 7*h - 10. Is j(-7) a composite number?
True
Suppose -k - a = -2, 0 = -0*k - 2*k + 5*a - 3. Let v be 2 - (k - 1) - -2. Is 5 - v - 22/(-1) composite?
False
Is 3*(-6)/(-1) + 4 prime?
False
Suppose 12 = 4*u, 0*u + 1318 = 4*h - 2*u. Is h composite?
False
Suppose 20 = -5*r + r. Let f(p) = 2*p**2 + 4*p + 3. Is f(r) a composite number?
True
Let u(d) = -13*d + 2. Is u(-9) a prime number?
False
Let x = 3 - 3. Let y = x + 6. Suppose -75 = a - y*a. Is a a prime number?
False
Let b = 1174 + 486. Let i = b - 959. Is i a prime number?
True
Let y = 3 + -2. Let k be y*2 + 17 + -3. Is (76/k)/(3/12) a composite number?
False
Let k = 853 - 602. Is k prime?
True
Suppose 3*g = 5*h + 708, 4*g - 783 = 3*h + 161. Suppose 0 = -0*v - 4*v + g. Is v a prime number?
True
Let f(y) = -17*y + 19. Is f(-2) a composite number?
False
Let c(s) = s**2 - 9*s - 8. Let w be c(10). Suppose -w*g + 3*j = -74 - 21, -3*g = -4*j - 141. Is g a composite number?
False
Let b(x) = x + 10. Let h be b(-5). Suppose g = h*g. Is (2 + g)*(-15)/(-2) composite?
True
Suppose -2*h - 3*h + 10 = 5*w, 4*h - 4*w = 24. Suppose -5*n + 77 = -h*x, 0 = -x - 5*n + 6*n - 20. Let j = x + 62. Is j a composite number?
True
Let d(a) = 10*a + 7. Is d(8) a prime number?
False
Suppose 1375 = 3*d - 512. Is d a prime number?
False
Suppose 0 = 26*x - 29*x + 141. Is x a prime number?
True
Is (19063/(-11))/(-2 + 1 + 0) composite?
False
Let c(d) = -d**3 - 10*d**2 + 4*d + 9. Let m be c(-10). Let v be 2*((-2)/2 - 21). Let q = m - v. Is q prime?
True
Suppose -334 = -7*q + 6*q. Is q a prime number?
False
Suppose 0 = s - 3*s + 2, 0 = 3*p - s - 2306. Is p composite?
False
Let s = 2 + 12. Let l be -3 + 4 - (0 + 1). Suppose -s + l = -d. Is d composite?
True
Suppose -2*l + 0*l + 4*f = -94, 4*l - 172 = 4*f. Is l a prime number?
False
Suppose 3*s - 2834 = -4*i, 0 = -4*i - 6*s + s + 2838. Is i a composite number?
True
Is (1 - 9/6)/((-9)/36306) a composite number?
False
Let g(r) = -15*r**3 + 11*r**2 - 17*r + 7. Let s(j) = -7*j**3 + 5*j**2 - 8*j + 3. Let u(p) = -6*g(p) + 13*s(p). Let a = -4 + 0. Is u(a) composite?
False
Is (-2)/6 + 7490/15 a prime number?
True
Suppose 0 = -3*b + 4611 + 5766. Is b a composite number?
True
Suppose -8*l + 356 + 5012 = 0. Is l a prime number?
False
Let j(d) = -9*d - 4. Let s(o) be the second derivative of -9*o**3/2 - 11*o**2/2 + o. Let h(r) = 17*j(r) - 6*s(r). Is h(3) a prime number?
False
Suppose o - 318 = 623. Is o composite?
False
Let x(z) = -z**3 - 15*z**2 + 3*z - 1. Let a be x(-15). Let k = a - -237. Is k a composite number?
False
Suppose -3820 = -4*p - 5*z, -z + 1565 + 345 = 2*p. Is p a prime number?
False
Is -1*(-2)/(-4)*-382 a prime number?
True
Suppose 5*r = -4*m - 2 - 23, 2*r + 10 = -m. Suppose -2*x - 8 = -m*x. Let t(j) = j**3 + 6*j**2 - 1. Is t(x) a prime number?
True
Let d = 102 - 68. Is d composite?
True
Suppose -6*z + 2*n = -4*z - 14, -3*z + n = -31. Is ((-2067)/z - 3)*-4 composite?
False
Let u(x) = 2*x - 11. Let s be u(8). Suppose -5*k + 0*r = -r - 13, 2*k + s*r + 11 = 0. Is k composite?
False
Let s(l) = -l**3 + 8*l**2 + 14*l - 6. Let t be (-20)/(-6)*6/5. Suppose -31 + t = -3*i. Is s(i) prime?
False
Suppose 5 + 4 = -4*i + 5*a, -6 = 3*i - 3*a. Is 96 - i/(-2)*-2 a composite number?
False
Suppose a + 0*a = 3. Suppose 4*b = -2*j - j + 401, -a*b + 15 = 0. Is j a prime number?
True
Is 1537 - ((4 - 3) + -2)/1 a composite number?
True
Let p(x) = 7*x**3 + 4*x**3 - 9*x**2 - 3 + 2 + 11*x**2. Is p(2) composite?
True
Let i(z) = -z**2 - 7*z + 2. Let k(v) = -6*v - 1. Let p be k(1). Let x be i(p). Suppose 3*u - 110 = -x*u. Is u composite?
True
Let o(v) be the first derivative of 6*v**2 - 7*v + 1. Is o(8) a prime number?
True
Let y be ((-3)/(-3)*0)/(-1). Suppose 0 = -5*p - 5 - y. Is p + (-1 - -99) - 0 a prime number?
True
Suppose 2*d + 114 = -u - 0*u, 531 = -5*u + 3*d. Let m = 53 - u. Is m composite?
True
Suppose 5*q - 3*c + 91 = 3*q, -3*c - 175 = 5*q. Let a = q - -18. Let x = -7 - a. Is x a prime number?
True
Suppose 2450 = 4*y - 2114. Is y prime?
False
Let m(h) = -2 - 12*h - 4*h - 9*h. Is m(-5) a prime number?
False
Let p(o) = -12*o - 11. Suppose 0 = -2*r - 2*n + 8, 2*n = -5*r + n + 24. Suppose 6*d - d + 3*u + 31 = 0, -5*u + 55 = -r*d. Is p(d) prime?
False
Let i = 978 + -637. Is i prime?
False
Suppose 5*n = -5*q - 10, 0 = -q + n - 0*n - 8. Let a = q - -10. Suppose -23 - 107 = -a*x. Is x prime?
False
Is (-2 - 2)/(-2) - -327 a prime number?
False
Suppose -4*g + 5*n + 180 = -3*g, 0 = 5*g + n - 1030. Is g composite?
True
Let u(p) = -p + 8. Let t be u(4). Suppose n + t*n = 45. Suppose 9 = 3*a - n. Is a a prime number?
False
Let h(s) = 6*s**3 + 2*s**2 - 6*s - 3. Is h(5) prime?
False
Let d(n) = -18*n - 6. Let a be d(-8). Suppose 4*m = 2*m + 2*q + 8, 3*q = 0. Suppose a = m*z - z. Is z a prime number?
False
Suppose -5*q - 143 = -778. Is q a prime number?
True
Let g = 624 + -202. Is g a composite number?
True
Let k(x) = 6*x - 6. Let h be k(7). Suppose -4*g - h = 2*q + 62, 8 = -2*g. Is q/(-2) + (-3)/(-6) prime?
False
Let f = 15 - 10. Suppose 2*y = f + 1. Is y a composite number?
False
Is ((-3453)/(-6))/(1/2) a composite number?
False
Suppose 0 = -3*c + 544 + 77. Suppose 0 = -h + 4*v + 53, -v + c = 3*h + 3*v. 